{"id":23830,"date":"2025-12-07T14:25:23","date_gmt":"2025-12-07T12:25:23","guid":{"rendered":"https:\/\/www.o-p-i.fr\/7alire\/?page_id=23830"},"modified":"2025-12-07T14:52:00","modified_gmt":"2025-12-07T12:52:00","slug":"accueil-7alire","status":"publish","type":"page","link":"https:\/\/www.o-p-i.fr\/7alire\/","title":{"rendered":"Bienvenue sur 7 A lire !"},"content":{"rendered":"<ul class=\"wp-block-latest-posts__list wp-block-latest-posts\"><li><div class=\"wp-block-latest-posts__featured-image alignleft\"><a href=\"https:\/\/www.o-p-i.fr\/7alire\/nicolas-duivon\/nicolas-duivon-auteur\/\" aria-label=\"Nicolas Duivon &#8211; Auteur\"><img loading=\"lazy\" decoding=\"async\" width=\"150\" height=\"150\" src=\"https:\/\/www.o-p-i.fr\/7alire\/wp-content\/uploads\/2025-photo-auteur-nicolas-duivon-150x150.jpg\" class=\"attachment-thumbnail size-thumbnail wp-post-image\" alt=\"\" style=\"\" \/><\/a><\/div><a class=\"wp-block-latest-posts__post-title\" href=\"https:\/\/www.o-p-i.fr\/7alire\/nicolas-duivon\/nicolas-duivon-auteur\/\">Nicolas Duivon &#8211; Auteur<\/a><div class=\"wp-block-latest-posts__post-excerpt\"><div class=\"mh-excerpt\">Nicolas Duivon est n\u00e9 dans le Gard en 1972. Dipl\u00f4m\u00e9 de photographie en 1992, il est install\u00e9 en tant qu\u2019artiste photographe depuis 2006. Membre de la Soci\u00e9t\u00e9 Fran\u00e7aise d\u2019Orchidophilie (SFO), il se passionne pour la photographie et l\u2019\u00e9tude des orchid\u00e9es et publie son premier guide en 2006, (Guide d\u2019identification des orchid\u00e9es sauvages du Tarn, \u00e9d. <a class=\"mh-excerpt-more\" href=\"https:\/\/www.o-p-i.fr\/7alire\/nicolas-duivon\/nicolas-duivon-auteur\/\" title=\"Nicolas Duivon &#8211; Auteur\">[&#8230;]<\/a><\/div><\/div><\/li>\n<li><div class=\"wp-block-latest-posts__featured-image alignleft\"><a href=\"https:\/\/www.o-p-i.fr\/7alire\/non-classe\/petraroli-francesco-bio-bibliographie\/\" aria-label=\"PETRAROLI Francesco  Bio-bibliographie\"><img loading=\"lazy\" decoding=\"async\" width=\"150\" height=\"150\" src=\"https:\/\/www.o-p-i.fr\/7alire\/wp-content\/uploads\/PETRAROLI-Francesco-150x150.jpg\" class=\"attachment-thumbnail size-thumbnail wp-post-image\" alt=\"\" style=\"\" \/><\/a><\/div><a class=\"wp-block-latest-posts__post-title\" href=\"https:\/\/www.o-p-i.fr\/7alire\/non-classe\/petraroli-francesco-bio-bibliographie\/\">PETRAROLI Francesco  Bio-bibliographie<\/a><div class=\"wp-block-latest-posts__post-excerpt\"><div class=\"mh-excerpt\"><\/div><\/div><\/li>\n<li><a class=\"wp-block-latest-posts__post-title\" href=\"https:\/\/www.o-p-i.fr\/7alire\/grimaldi-nicolas\/nicolas-grimaldi-bio-bibliographie\/\">GRIMALDI Nicolas bio-bibliographie<\/a><div class=\"wp-block-latest-posts__post-excerpt\"><div class=\"mh-excerpt\">\u00c9tabli \u00e0 Barcelone depuis plusieurs ann\u00e9es, Nicolas Grimaldi vit entre sa France natale, l&rsquo;Espagne et l&rsquo;Am\u00e9rique du Sud. &nbsp; &nbsp;<\/div><\/div><\/li>\n<li><div class=\"wp-block-latest-posts__featured-image alignleft\"><a href=\"https:\/\/www.o-p-i.fr\/7alire\/salon\/salon-du-livre-a-chalvignac-15-dimanche-20-octobre-2024\/\" aria-label=\"Salon du livre \u00e0 Chalvignac (15) dimanche 20 octobre 2024\"><img loading=\"lazy\" decoding=\"async\" width=\"150\" height=\"150\" src=\"https:\/\/www.o-p-i.fr\/7alire\/wp-content\/uploads\/Chalvignac-150x150.jpg\" class=\"attachment-thumbnail size-thumbnail wp-post-image\" alt=\"\" style=\"\" \/><\/a><\/div><a class=\"wp-block-latest-posts__post-title\" href=\"https:\/\/www.o-p-i.fr\/7alire\/salon\/salon-du-livre-a-chalvignac-15-dimanche-20-octobre-2024\/\">Salon du livre \u00e0 Chalvignac (15) dimanche 20 octobre 2024<\/a><div class=\"wp-block-latest-posts__post-excerpt\"><div class=\"mh-excerpt\">\u00a0 SALON DU LIVRE DE CHALVIGNAC\u00a0 CANTAL (15) POUR TOUS RENSEIGNEMENTS ET INSCRIPTIONS AUTEURS NO\u00cbL\u00a0 BASSET\u00a0 06 40 09 23 99 Information communiqu\u00e9e par Didier DOMINGUEZ\u00a0 \u00a006 13 05 99 66<\/div><\/div><\/li>\n<li><div class=\"wp-block-latest-posts__featured-image alignleft\"><a href=\"https:\/\/www.o-p-i.fr\/7alire\/salons-du-livre\/21-eme-salon-du-livre-et-de-la-b-d-a-monclar-de-quercy-dimanche-18-aout-2024\/\" aria-label=\"21 \u00e8me Salon du livre et de la B.D. \u00e0 Monclar de Quercy dimanche 18 ao\u00fbt 2024\"><img loading=\"lazy\" decoding=\"async\" width=\"150\" height=\"150\" src=\"https:\/\/www.o-p-i.fr\/7alire\/wp-content\/uploads\/21-salon-Monclar-150x150.jpg\" class=\"attachment-thumbnail size-thumbnail wp-post-image\" alt=\"\" style=\"\" \/><\/a><\/div><a class=\"wp-block-latest-posts__post-title\" href=\"https:\/\/www.o-p-i.fr\/7alire\/salons-du-livre\/21-eme-salon-du-livre-et-de-la-b-d-a-monclar-de-quercy-dimanche-18-aout-2024\/\">21 \u00e8me Salon du livre et de la B.D. \u00e0 Monclar de Quercy dimanche 18 ao\u00fbt 2024<\/a><div class=\"wp-block-latest-posts__post-excerpt\"><div class=\"mh-excerpt\">Ils seront pr\u00e9sents au salon: en cliquant sur un nom bleu soulign\u00e9, vous acc\u00e8derez \u00e0 la biographie de l&rsquo;auteur: &nbsp; ANTUNES Chantal BOYE Jacqueline CATANOSO Silvio CAZEAUX Bernard CHEREAU Patrick CORLOUER Luc DAMAGGIO Jean-Paul DELAMARE Philippe ESCALETTES Jean-Paul FREJABISE GARDERES Michel Yves GENRIES -MEMMI Fr\u00e9d\u00e9ric GRIMALDI Nicolas GUAGLIARDO Attilio JAN Lo\u00efc KUBLER Jean LACASSIN-DARRE Christel <a class=\"mh-excerpt-more\" href=\"https:\/\/www.o-p-i.fr\/7alire\/salons-du-livre\/21-eme-salon-du-livre-et-de-la-b-d-a-monclar-de-quercy-dimanche-18-aout-2024\/\" title=\"21 \u00e8me Salon du livre et de la B.D. \u00e0 Monclar de Quercy dimanche 18 ao\u00fbt 2024\">[&#8230;]<\/a><\/div><\/div><\/li>\n<\/ul>","protected":false},"excerpt":{"rendered":"<div class=\"mh-excerpt\"><\/div>\n","protected":false},"author":5,"featured_media":0,"parent":0,"menu_order":0,"comment_status":"closed","ping_status":"closed","template":"","meta":{"footnotes":"","_links_to":"","_links_to_target":""},"coauthors":[5458],"class_list":["post-23830","page","type-page","status-publish"],"jetpack_sharing_enabled":true,"_links":{"self":[{"href":"https:\/\/www.o-p-i.fr\/7alire\/wp-json\/wp\/v2\/pages\/23830","targetHints":{"allow":["GET"]}}],"collection":[{"href":"https:\/\/www.o-p-i.fr\/7alire\/wp-json\/wp\/v2\/pages"}],"about":[{"href":"https:\/\/www.o-p-i.fr\/7alire\/wp-json\/wp\/v2\/types\/page"}],"author":[{"embeddable":true,"href":"https:\/\/www.o-p-i.fr\/7alire\/wp-json\/wp\/v2\/users\/5"}],"replies":[{"embeddable":true,"href":"https:\/\/www.o-p-i.fr\/7alire\/wp-json\/wp\/v2\/comments?post=23830"}],"version-history":[{"count":4,"href":"https:\/\/www.o-p-i.fr\/7alire\/wp-json\/wp\/v2\/pages\/23830\/revisions"}],"predecessor-version":[{"id":23839,"href":"https:\/\/www.o-p-i.fr\/7alire\/wp-json\/wp\/v2\/pages\/23830\/revisions\/23839"}],"wp:attachment":[{"href":"https:\/\/www.o-p-i.fr\/7alire\/wp-json\/wp\/v2\/media?parent=23830"}],"wp:term":[{"taxonomy":"author","embeddable":true,"href":"https:\/\/www.o-p-i.fr\/7alire\/wp-json\/wp\/v2\/coauthors?post=23830"}],"curies":[{"name":"wp","href":"https:\/\/api.w.org\/{rel}","templated":true}]}}